t h(v) = -v**2 - 5*v + 1. Calculate h(-1).
5
Let n(g) = g**3 - 53*g**2 + 104*g - 106. Calculate n(51).
-4
Let n(j) = j**2 - 11*j + 14. Give n(7).
-14
Let g(p) = 2*p**2 + 30*p - 4. Give g(-15).
-4
Let w(u) = -u**3 + 9*u**2 + 11*u - 2. Give w(10).
8
Let v(y) = 8*y**2 + 5*y + 5. Calculate v(-2).
27
Let u(k) = -k**3 - 31*k**2 - 6*k + 18. What is u(-31)?
204
Let l(t) = -6*t - 26. What is l(-2)?
-14
Let j(n) = -n**2 - 3*n + 22. Calculate j(0).
22
Let d(k) = -2*k**2 + 8*k + 96. Calculate d(-5).
6
Let a(h) = -4*h - 12. Determine a(-4).
4
Let a(s) = -s**3 + 15*s**2 - 13*s - 23. Give a(14).
-9
Let m(i) = i**3 - 8*i**2 - 2*i + 4. Give m(8).
-12
Let y(r) = -3*r + 8. Calculate y(6).
-10
Let r(t) = 7*t + 116. Determine r(-18).
-10
Let k(v) = -3*v - 2. Calculate k(4).
-14
Let o(l) = 4*l**3 - l**2 + 3*l - 1. Calculate o(1).
5
Let m(t) = -t**3 + 14*t**2 - 13*t + 7. What is m(13)?
7
Let z(g) = g - 18. Calculate z(14).
-4
Let u(m) = -26*m + 31. Give u(3).
-47
Let g(x) = -x + 5. What is g(0)?
5
Let p(c) = c**2 - 30*c - 43. Give p(31).
-12
Let b(d) = -2*d**2 + 70*d - 368. Determine b(6).
-20
Let g(w) = -w - 24. Give g(-22).
-2
Let z(h) = h**3 - 30*h**2 - 34*h + 93. Determine z(31).
0
Let c(n) = -3*n**2 - 64*n - 23. Calculate c(-21).
-2
Let u(n) = -4*n + 4. Calculate u(-5).
24
Let h(n) = -94*n**2 - 376*n - 4. Give h(-4).
-4
Let l(k) = -k**2 + 7*k + 7. Give l(8).
-1
Let n(z) = -z**3 - 6*z**2 - 5*z + 2. Calculate n(-4).
-10
Let n(l) = -l**2 - 10*l + 47. Calculate n(-13).
8
Let r(u) = -5*u**3 + 2*u**2 - 2*u + 1. What is r(1)?
-4
Let v(g) = 3*g**2 + 68*g - 26. Give v(-23).
-3
Let k(c) = -3*c - 22. Give k(-9).
5
Let r(o) = o**2 + 1. What is r(-2)?
5
Let h(d) = 5*d**2 - d + 3. Calculate h(1).
7
Let p(b) = b**3 + 4*b**2 + 9. Give p(-4).
9
Let t(m) = -m**2 + 7*m + 8. Give t(8).
0
Let k(p) = p**2 + 10*p + 27. Give k(-8).
11
Let u(z) = -6*z + 29. Give u(5).
-1
Let u(j) = 4*j**2 + 4*j + 2. Give u(-2).
10
Let c(a) = -2*a + 50. What is c(25)?
0
Let k(q) = 8*q**2 + 5*q - 5. What is k(2)?
37
Let z(l) = 15*l + 1. Determine z(2).
31
Let z(c) = c**3 + 9*c**2 + 8*c - 8. Determine z(-8).
-8
Let z(r) = -r**3 + 9*r**2 - 19*r + 17. Determine z(7).
-18
Let k(f) = f**2 - 7*f - 14. Calculate k(7).
-14
Let j(l) = l**2 + 23*l + 45. Give j(-24).
69
Let f(b) = -3*b - 14. What is f(-6)?
4
Let v(g) = -10*g**2 - 6*g - 5. What is v(-1)?
-9
Let z(p) = -2*p + 15. Calculate z(8).
-1
Let r(a) = -5*a - 9. Determine r(-7).
26
Let w(k) = 9*k + 1. Give w(-7).
-62
Let o(v) = -11*v + 29. Give o(7).
-48
Let s(w) = -w**3 + 6*w**2 - w + 2. Determine s(5).
22
Let b(l) = -l**3 + 35*l**2 + 73*l + 60. Give b(37).
23
Let n(i) = -13*i + 10. Give n(5).
-55
Let g(h) = 27*h**3 - h**2 + 1. Calculate g(-1).
-27
Let a(z) = -19*z + 36. Determine a(6).
-78
Let h(n) = 3*n - 26. Give h(11).
7
Let f(m) = -12*m**2 - 2*m + 3. Determine f(2).
-49
Let w(k) = k**3 + 5*k**2 + 7*k - 1. Calculate w(-3).
-4
Let y(b) = 3*b**2 + 15*b - 12. Determine y(-6).
6
Let z(d) = d**2 - 3*d - 6. Determine z(-3).
12
Let b(a) = 3*a**2 + 3*a - 3. Determine b(2).
15
Let c(n) = n**3 - 9*n**2 + 8*n + 17. Determine c(7).
-25
Let f(g) = 5*g**2 - 4*g + 3. Determine f(3).
36
Let j(u) = 10*u**2 - 4*u - 3. Give j(-1).
11
Let i(f) = -f**3 + 6*f**2 - 8*f + 10. Determine i(5).
-5
Let d(m) = -2*m**3 - 11*m**2 - 5*m + 2. What is d(-5)?
2
Let i(u) = 10*u + 33. What is i(-4)?
-7
Let i(l) = l**2 - l + 3. What is i(0)?
3
Let h(j) = j**3 - 2*j**2 - j + 7. Calculate h(3).
13
Let p(q) = q**2 - 11*q + 6. Give p(10).
-4
Let g(i) = -6*i**2 + 39*i - 21. What is g(6)?
-3
Let u(l) = 25*l - 221. Calculate u(9).
4
Let i(j) = j**3 + 15*j**2 + 7*j - 113. Determine i(-14).
-15
Let l(v) = v**2 + 37*v - 174. Calculate l(-41).
-10
Let c(d) = 7*d + 5. Give c(-7).
-44
Let v(p) = -p**3 + 7*p**2 - 2*p + 16. Determine v(7).
2
Let p(x) = -x. Determine p(2).
-2
Let b(y) = -3*y - 17. Determine b(-12).
19
Let q(o) = -o + 48. What is q(15)?
33
Let r(p) = p**3 - 19*p**2 + 21*p - 42. What is r(18)?
12
Let m(s) = s**3 - 5*s**2 + 2*s + 1. Determine m(5).
11
Let v(g) = -g**2 - 14*g + 9. Give v(-13).
22
Let b(o) = 13*o - 293. What is b(22)?
-7
Let m(q) = -3*q**2 - 7*q. Determine m(-3).
-6
Let u(k) = k + 24. Give u(-11).
13
Let h(u) = 3*u + 50. Give h(-21).
-13
Let n(p) = -73*p + 1. What is n(1)?
-72
Let l(o) = -2*o**2 + 23*o - 6. Calculate l(11).
5
Let p(l) = -2*l**3 - 3*l**2 + 4*l + 2. What is p(-4)?
66
Let z(k) = k**2 - 8*k + 18. Calculate z(5).
3
Let h(a) = 4*a + 1. Determine h(-3).
-11
Let x(s) = 5*s - 7. Determine x(3).
8
Let k(d) = d - 6. Give k(-4).
-10
Let g(k) = -3*k + 8. Give g(3).
-1
Let m(o) = o + 9. Calculate m(-6).
3
Let s(g) = 2*g**2 + 4*g + 3. Determine s(-4).
19
Let k(l) = -2*l + 23. Give k(0).
23
Let m(v) = v**3 + 5*v**2 + 4*v - 9. Give m(-4).
-9
Let s(r) = 5*r**2 - 2*r - 3. What is s(-2)?
21
Let p(u) = -2*u**3 - 14*u**2 - 16*u - 6. Give p(-6).
18
Let f(q) = -q + 10. Determine f(3).
7
Let p(h) = h**3 + 12*h**2 + 10*h - 15. What is p(-11)?
-4
Let x(o) = o**3 + 15*o - 20. Calculate x(0).
-20
Let k(m) = 8*m**3 + m**2 + m. Determine k(-1).
-8
Let f(q) = -17*q - 28. Determine f(0).
-28
Let t(s) = -5*s**2 - 288*s + 110. Calculate t(-58).
-6
Let h(d) = -d**2 - 13*d + 146. What is h(-20)?
6
Let k(n) = -n**2 + 2*n + 15. Give k(-5).
-20
Let r(n) = n - 24. Give r(-19).
-43
Let s(b) = -4*b + 17. Give s(8).
-15
Let s(c) = c**3 + 7*c**2 - 17*c - 1. What is s(-9)?
-10
Let b(f) = f**3 + 15*f**2 + 17*f + 42. Give b(-14).
0
Let h(m) = 9*m + 13. Determine h(-2).
-5
Let l(o) = -o - 5. Give l(2).
-7
Let v(x) = -x**2 - x + 25. Determine v(-6).
-5
Let a(x) = -3*x - 5. Give a(6).
-23
Let p(y) = y**3 - 16*y**2 + 4*y - 61. What is p(16)?
3
Let z(b) = -32*b + 206. Calculate z(6).
14
Let d(l) = 20*l**2 + 2*l + 1. Calculate d(-1).
19
Let v(i) = -i - 10. What is v(-6)?
-4
Let b(w) = -2*w**3 + w**2 - 25*w - 26. Determine b(-1).
2
Let u(l) = l**3 - l**2 - 2*l + 1. Determine u(-2).
-7
Let l(f) = -f**3 - 23*f**2 + 24*f - 12. Give l(-24).
-12
Let x(s) = 7*s**2 - s - 1. Determine x(-1).
7
Let z(r) = r**2 - 33*r - 64. Give z(35).
6
Let c(p) = -63*p - 1. Calculate c(-1).
62
Let u(n) = -n**3 - 11*n**2 + 28*n + 21. What is u(-13)?
-5
Let c(a) = 2*a**2 + 2*a - 13. What is c(-4)?
11
Let j(b) = 5*b - 7. Give j(-2).
-17
Let f(d) = 2*d**2 + 10*d + 5. Give f(-5).
5
Let w(k) = -k**2 + k + 2. Calculate w(0).
2
Let h(z) = -z**3 - 12*z**2 - 12*z. What is h(-12)?
144
Let j(r) = -r**3 + 7*r**2 - 6*r - 3. Calculate j(6).
-3
Let u(l) = 2*l**2 - 2. Calculate u(0).
-2
Let w(m) = m**3 + 9*m**2 + 10*m + 11. Calculate w(-8).
-5
Let c(t) = -t**3 + 8*t**2 - 7*t - 2. What is c(7)?
-2
Let k(f) = -f**3 + 18*f**2 + 21*f - 27. Give k(19).
11
Let i(t) = -t**3 + t**2 - t + 4. Determine i(0).
4
Let i(c) = -c**3 + 4*c**2 + 5*c + 4. What is i(5)?
4
Let d(p) = p**3 - 5*p**2 + 4*p + 7. Calculate d(5).
27
Let f(t) = -t**2 + 3*t + 1. What is f(-1)?
-3
Let w(m) = -m**2 - 7*m - 9. What is w(-6)?
-3
Let j(b) = b**3 - 5*b**2 - 2*b. Give j(3).
-24
Let y(c) = 13*c**2 - 3*c - 3. Determine y(-1).
13
Let b(f) = 2*f - 49. Calculate b(12).
-25
Let t(i) = 9*i - 42. Calculate t(6).
12
Let m(q) = -q**3 + 30*q**2 + 3*q - 56. What is m(30)?
34
Let h(y) = y**2 - 9*y. Calculate h(10).
10
Let n(l) = -l**3 - 6*l**2 + 21*l + 28. Give n(-8).
-12
Let q(l) = 5*l**2. Determine q(1).
5
Let s(y) = y**2 - 9*y - 29. Determine s(12).
7
Let a(x) = 21*x**2. Give a(-1).
21
Let s(v) = -23*v + 208. Give s(9).
1
Let n(c) = 2*c - 52. What is n(21)?
-10
Let v(u) = -u**3 - 8*u**2 + 6*u + 20. What is v(-8)?
-28
Let h(m) = 14*m**3 + 1. Determine h(-1).
-13
Let t(q) = q**3 - 8*q**2 + 2*q + 10. What is t(7)?
-25
Let t(r) = -r**3 - r**2 - r + 1. Give t(1).
-2
Let k(t) = t**3 + 20*t**2 + 24*t - 12. Calculate k(-19).
-107
Let k(v) = 3*v**2 + v. What is k(3)?
30
Let n(w) = 10*w - 260. Calculate n(25).
-10
Let m(d) = 48*d - 49. Calculate m(1).
-1
Let l(i) = i**2 + 10*i - 22. What is l(-12)?
2
Let m(u) = u**3 + u**2 - u - 6. Determine m(0).
-6
Let y(p) = 5*p**2 + 116*p + 137. Give y(-22).
5
Let i(t) = -t + 7. Give i(13).
-6
Let j(x) = -x**3 + 32*x**2 - 2*x + 67. What is j(32)?
3
Let a(q) = -q**3 + 3*q**2 + 9*q. Calculate a(5).
-5
Let v(i) = i**3 + 18*i**2 + 18*i + 11. What is v(-17)?
-6
Let k(q) = -q - 24. What is k(-16)?
-8
Let w(p) = -3*p**3 - 5*p**2 + 4*p - 16. Give w(-3).
8
Let j(m) = -m**3 + 2*m*